hat are the prime factors of q(-1)?
283
Suppose -3*o + 1056 = 3*i, 0*o - 368 = -o + 3*i. What are the prime factors of o?
2, 89
Let v(s) = s**2 - 5*s - 2. Suppose w - 7 = -0. Let l be v(w). List the prime factors of 0 + (-4)/(-6)*l.
2
Suppose -9*g + 3858 = -5*g - m, -g + 2*m = -961. What are the prime factors of g?
5, 193
Let w(g) = 4*g**2 - 3*g - g**2 - g**2 + 7 - 3*g**2. Let j be w(-5). Let k(b) = b**3 + 6*b**2 - 3*b. What are the prime factors of k(j)?
2, 3
Let d be 0 + 2 - (-40)/10. Suppose y - 5 - 4 = 0. Suppose -2*p - y + 39 = -4*i, p = -i + d. What are the prime factors of p?
3
Suppose g + 12 = 2. Let o(q) = q**2 + 3*q + 1. Let t be o(g). Let y = t + -16. What are the prime factors of y?
5, 11
Suppose 3*r + 6*a - 4*a - 2900 = 0, 3*r - a - 2888 = 0. What are the prime factors of r?
2, 241
Let o = 584 + -316. What are the prime factors of o?
2, 67
Let g(v) = 73*v**2 + 6*v + 27. What are the prime factors of g(-5)?
2, 911
Suppose 53 - 8 = 3*o. What are the prime factors of (-12)/o*(-1220)/8?
2, 61
Suppose 3*v = 4*n - 9441, -4*n + 11570 = -2*v + 2132. What are the prime factors of n?
2, 3, 131
Suppose -5*n + 0*h = h - 2, -5*n = -5*h + 10. Suppose -i + n*i = 0. Suppose 4*o - 2*q + 0*q - 146 = 0, 3*o + 5*q - 116 = i. List the prime factors of o.
37
Let f(z) = 25*z**2 + 12*z - 185. What are the prime factors of f(15)?
2, 5, 281
Let q = 2837 - 1960. What are the prime factors of q?
877
List the prime factors of (-56)/(-70)*9325/10.
2, 373
Let w(s) = -26*s + 1. Let r be (-13)/5 + (-30)/(-50). Let t be w(r). Suppose -t = -2*n - 3. List the prime factors of n.
5
Let n be 4/(-6)*9/(-6). Let o(i) = -i**2 - 3*i**2 + 3*i**2 - n + 12*i. List the prime factors of o(9).
2, 13
Let z(i) = 40*i**2 + 15*i + 29. List the prime factors of z(-5).
2, 3, 53
Suppose -17 = 3*p - 2*w + 11, -4*p + w - 34 = 0. Let i = p + 3. List the prime factors of (2 - 4 - i) + 3.
2, 3
Suppose -24 = 13*a - 12*a. Let n = a + 37. Let z = n + -3. List the prime factors of z.
2, 5
Suppose -13*w + 20 = -3*w. Suppose w*d + d = 3*k + 183, -4*k + 128 = 2*d. List the prime factors of d.
2, 31
Let v be (5 + -1)*(-71)/(-2). Suppose 508 = 5*z - v. What are the prime factors of z?
2, 5, 13
What are the prime factors of 162/(-189)*(-742)/3?
2, 53
Let b be (-790)/(-110) - (-4)/(-22). Suppose b*x - 240 = 4*x. What are the prime factors of x?
2, 5
Suppose -2*r = 2*r - 4*x - 24, 0 = -4*x + 20. Let s be (-5 + 1)/((-2)/r). What are the prime factors of (10/2)/(11/s)?
2, 5
Let y be 6 + 1/((-2)/2). Suppose 5 = y*l, -l = h + l - 207. What are the prime factors of h?
5, 41
Suppose -10 - 5 = 5*g. List the prime factors of (-8)/12 + (-104)/g.
2, 17
Let m be (-40)/50 - (-1058)/10. Let t = -31 + m. List the prime factors of t.
2, 37
Let o = 48 + -32. Let s = 86 - o. What are the prime factors of s?
2, 5, 7
List the prime factors of (-30695)/(-14) + 1/2 + -2.
7, 313
Suppose -445 = 7*u - 12*u. Let c = -45 + u. What are the prime factors of c?
2, 11
Let i(k) = 2 + 0 + 34*k - 5. Suppose 0 = -8*a - 2*a + 20. What are the prime factors of i(a)?
5, 13
Let u be (-516)/(-7) + 2*(-1)/(-7). Let w = 3 + u. What are the prime factors of w?
7, 11
Suppose 6 = -2*s, -s = 2*t + 751 + 914. Let u = -562 - t. List the prime factors of u.
269
Let m(l) = l**3 + l**2 + 35*l - 33. What are the prime factors of m(11)?
2, 11, 41
Let i(a) = a**3 + 7*a**2 - 13*a + 150. What are the prime factors of i(13)?
3361
Let k be 18 - -4 - (0 + 5). Suppose -k*h = -281 - 178. List the prime factors of h.
3
Let w = -12 + 4. Let t = 0 - w. List the prime factors of (6/t)/(1/36).
3
Let s(k) = k**2 - k - 2. Let h(d) = -d. Let z be h(8). Let a be (-12)/(-48) - (-50)/z. List the prime factors of s(a).
2, 5
Let i = -814 + 1993. What are the prime factors of i?
3, 131
Let h(g) = -g**3 + 9*g**2 + 8*g + 20. Let n be h(10). Let s(d) = -d + 2. Let l be s(0). Suppose n = l*v - 126 + 16. What are the prime factors of v?
5, 11
Suppose -j = 12 - 2. Let s be (-3)/(((-9)/j)/(-9)). Let r = s + -18. What are the prime factors of r?
2, 3
Suppose 83*w - 25602 = 80*w. What are the prime factors of ((0 - -1)/2)/(17/w)?
251
Let l = -1 + 1. Let a(b) = 3*b**2 + 1. Let r be a(-1). Suppose r*q - 88 = -l*q. List the prime factors of q.
2, 11
Let x(d) = -2*d + 3. List the prime factors of x(-8).
19
Let z = 4 - 2. Let h be 27/(-33) + z/(-11). List the prime factors of h*((0 - -2) + -16).
2, 7
Let s(r) = 116*r - 150. What are the prime factors of s(11)?
2, 563
Let y(l) = 6*l - 2. Let j be y(1). Suppose 2*h = 2, -2*k + 67 = -3*h + j*h. Suppose 3*z - k - 21 = 0. What are the prime factors of z?
2, 3
Let n(v) = 1004*v**2 - 7*v + 3. What are the prime factors of n(1)?
2, 5
What are the prime factors of 823550/375 - 5/(75/2)?
2, 3, 61
Let a(o) = -o**3 + 16*o**2 - 13*o + 2. Suppose 5*s - 354 = -4*l, -3*l - 2*s + 268 = 3*s. Suppose 4*c - l + 26 = 0. What are the prime factors of a(c)?
2
Let r(f) = -f**2 + 4*f. Let q be r(2). Suppose q*i - 25 = -i. Suppose 10*h - 180 = i*h. List the prime factors of h.
2, 3
Suppose h = 8*h - 5495. What are the prime factors of h?
5, 157
Let g(q) = -q**3 - 15*q**2 - 3*q + 20. Let w be g(-14). Let n = -60 - w. List the prime factors of n.
2, 37
Suppose 2*c = -5*w + 23 + 4, -c - 18 = -2*w. Let k = w + -43. List the prime factors of (-2 + k)/(-2) - 2.
17
List the prime factors of (1894/(-6))/((-520)/39 + 13).
947
Let m(f) = 2*f**2 - 29*f - 39. Let z be m(16). Suppose z*n = -0*n + 1188. List the prime factors of n.
2, 3, 11
Let s(w) = 13*w**3 - w. Let b be s(1). Let d = b - -4. Suppose 4*v - 56 = d. What are the prime factors of v?
2, 3
Suppose 69540 = 21*h - 2238. List the prime factors of h.
2, 1709
Let r(b) be the third derivative of -b**5/60 - b**4/12 - b**3/2 + 5*b**2. Let q be r(-6). Let v = 1 - q. List the prime factors of v.
2, 7
Let p(u) = 12*u - 19. Let a be p(7). Let h = -2 + a. What are the prime factors of h?
3, 7
Let u(o) be the first derivative of o**4/4 - o**3/3 + 2*o**2 + o - 4. List the prime factors of u(3).
31
Let j be (-2 - -7)/((-5)/(-35)). Suppose -5*q - j = -5*c - q, -2*q = 0. What are the prime factors of (-119)/(-2) + c/(-14)?
59
Let m(w) be the third derivative of 49*w**4/24 - w**3/6 - 16*w**2. List the prime factors of m(2).
97
Let a(f) = -f + 11. Let j be a(-10). Let d = j - -9. Suppose 2*o + 6 = d. List the prime factors of o.
2, 3
Let h = 2325 + -128. List the prime factors of h.
13
Suppose 3*n - 6932 = 6943. List the prime factors of n.
5, 37
Let f(j) = 4*j**2 - 31*j + 30. What are the prime factors of f(12)?
2, 3, 13
Let v(r) = -26*r**3 - 2*r**2 + 7*r + 17. List the prime factors of v(-4).
1621
Let b = 12 + -1. Let j = b - -30. What are the prime factors of j?
41
Let k(l) = 2*l**2 - 15*l - 8. Let a be k(8). Suppose j = a, 5*h - 168 = 2*h - j. What are the prime factors of h?
2, 7
Suppose -5*x - 2*t = -5302, 29 = 3*t + 41. What are the prime factors of x?
2, 3, 59
Let u be (-12)/8*(-6)/9. List the prime factors of u + 18 + 0 + -2.
17
Let l(g) = 55*g**2 + 63*g**2 + 1 + 6*g - 120*g**2 - g**3. Let k = -5 + 1. List the prime factors of l(k).
3
What are the prime factors of (8910/(-25) - 11)*-5?
11, 167
Suppose 0 = 3*t - 6*t + 72. Let w = -21 + t. Suppose 2*s - 49 - 36 = -w*x, 171 = 5*x - 4*s. List the prime factors of x.
31
Let y(a) = -3*a + 14. Let l be y(6). Let j be 495/9 - (l + 0). Suppose -3*u + 3*r + 15 = -24, 3*u - j = -2*r. List the prime factors of u.
17
Suppose 5*o + 0*t - t = 733, 0 = -4*t + 8. Let d = 878 - 873. Suppose -n = -d*f - 39, 2*n + 3*n = f + o. What are the prime factors of n?
29
Suppose -4*t - 5 = -5*t + j, -2*t - 15 = 3*j. Let p(b) = 2*b + 1. Let q be p(3). Suppose -3*x + 14 + q = t. List the prime factors of x.
7
Suppose q + 3*v = 1432, 3*q - 7*q + 5653 = -3*v. List the prime factors of q.
13, 109
Suppose -3*n + 60 = 2*p, 3*p + 56 = 4*n - 7. List the prime factors of n.
2, 3
Let y be 4 - 1/(2/4). Suppose y*z = -3*r + 8 + 9, 3*z + r - 22 = 0. Suppose 4*h - 29 = z. What are the prime factors of h?
3
Let l(t) = 18 - 116*t + 25 + 112*t. List the prime factors of l(-12).
7, 13
Let h = 7 + -13. Let l be h/36 - 13/(-6). Suppose l*d = 3*d - 32. List the prime factors of d.
2
Suppose -q - 3*u + 5 - 2 = 0, 5*q - 63 = -3*u. Let j be 2 + 3 - (-1 - 8)*-4. Let d = q - j. What are the prime factors of d?
2, 23
Let o(n